?
3, 1789
List the prime factors of 37685.
5, 7537
List the prime factors of 122576.
2, 47, 163
List the prime factors of 6771.
3, 37, 61
What are the prime factors of 16158?
2, 3, 2693
What are the prime factors of 4239?
3, 157
What are the prime factors of 12164?
2, 3041
List the prime factors of 24178.
2, 7, 11, 157
List the prime factors of 25526.
2, 12763
List the prime factors of 1028.
2, 257
What are the prime factors of 1119?
3, 373
List the prime factors of 49533.
3, 11, 19, 79
List the prime factors of 359.
359
List the prime factors of 8998.
2, 11, 409
What are the prime factors of 11589?
3, 3863
List the prime factors of 1618.
2, 809
List the prime factors of 3023.
3023
List the prime factors of 7065.
3, 5, 157
List the prime factors of 2985.
3, 5, 199
List the prime factors of 82067.
82067
List the prime factors of 24170.
2, 5, 2417
What are the prime factors of 957?
3, 11, 29
What are the prime factors of 15909?
3, 5303
List the prime factors of 1357.
23, 59
What are the prime factors of 24463?
17, 1439
List the prime factors of 188452.
2, 11, 4283
List the prime factors of 15147.
3, 11, 17
List the prime factors of 124043.
163, 761
What are the prime factors of 3389?
3389
What are the prime factors of 17517?
3, 5839
What are the prime factors of 8208?
2, 3, 19
What are the prime factors of 1143?
3, 127
List the prime factors of 49635.
3, 5, 1103
What are the prime factors of 676?
2, 13
What are the prime factors of 881?
881
What are the prime factors of 1228?
2, 307
What are the prime factors of 2110?
2, 5, 211
What are the prime factors of 9037?
7, 1291
What are the prime factors of 7038?
2, 3, 17, 23
List the prime factors of 1827.
3, 7, 29
List the prime factors of 192115.
5, 7, 11, 499
What are the prime factors of 5367?
3, 1789
List the prime factors of 17447.
73, 239
List the prime factors of 2770.
2, 5, 277
What are the prime factors of 4133?
4133
What are the prime factors of 6882?
2, 3, 31, 37
What are the prime factors of 153891?
3, 17099
List the prime factors of 103.
103
What are the prime factors of 111927?
3, 37309
List the prime factors of 23547.
3, 47, 167
List the prime factors of 953.
953
What are the prime factors of 4896?
2, 3, 17
List the prime factors of 28339.
17, 1667
List the prime factors of 8382.
2, 3, 11, 127
What are the prime factors of 125601?
3, 7, 5981
What are the prime factors of 12941?
12941
What are the prime factors of 14962?
2, 7481
What are the prime factors of 13457?
13457
What are the prime factors of 19?
19
What are the prime factors of 25855?
5, 5171
List the prime factors of 109.
109
List the prime factors of 5061.
3, 7, 241
List the prime factors of 3375.
3, 5
What are the prime factors of 1222?
2, 13, 47
What are the prime factors of 50462?
2, 23, 1097
List the prime factors of 31297.
7, 17, 263
List the prime factors of 255.
3, 5, 17
List the prime factors of 2434.
2, 1217
What are the prime factors of 197?
197
What are the prime factors of 359?
359
What are the prime factors of 14817?
3, 11, 449
What are the prime factors of 8332?
2, 2083
List the prime factors of 2741.
2741
List the prime factors of 70748.
2, 23, 769
List the prime factors of 3839.
11, 349
What are the prime factors of 295?
5, 59
List the prime factors of 5223.
3, 1741
List the prime factors of 12582.
2, 3, 233
List the prime factors of 77456.
2, 47, 103
What are the prime factors of 1446?
2, 3, 241
What are the prime factors of 1403?
23, 61
What are the prime factors of 10812?
2, 3, 17, 53
What are the prime factors of 32862?
2, 3, 5477
What are the prime factors of 292?
2, 73
List the prime factors of 3727.
3727
What are the prime factors of 18507?
3, 31, 199
List the prime factors of 111573.
3, 7, 11, 23
List the prime factors of 47741.
47741
What are the prime factors of 1336?
2, 167
What are the prime factors of 8988?
2, 3, 7, 107
What are the prime factors of 622?
2, 311
List the prime factors of 37960.
2, 5, 13, 73
What are the prime factors of 34856?
2, 4357
What are the prime factors of 748?
2, 11, 17
What are the prime factors of 79017?
3, 26339
List the prime factors of 39053.
7, 797
List the prime factors of 28256.
2, 883
List the prime factors of 371.
7, 53
What are the prime factors of 242?
2, 11
List the prime factors of 13748.
2, 7, 491
List the prime factors of 57515.
5, 11503
What are the prime factors of 690?
2, 3, 5, 23
What are the prime factors of 35951?
35951
What are the prime factors of 1138?
2, 569
List the prime factors of 3050.
2, 5, 61
List the prime factors of 3178.
2, 7, 227
What are the prime factors of 48233?
139, 347
What are the prime factors of 2679?
3, 19, 47
What are the prime factors of 2618?
2, 7, 11, 17
List the prime factors of 156.
2, 3, 13
What are the prime factors of 7108?
2, 1777
What are the prime factors of 6486?
2, 3, 23, 47
List the prime factors of 6919.
11, 17, 37
List the prime factors of 131.
131
List the prime factors of 673.
673
List the prime factors of 39217.
39217
List the prime factors of 2909.
2909
What are the prime factors of 2612?
2, 653
What are the prime factors of 10206?
2, 3, 7
List the prime factors of 67816.
2, 7, 173
What are the prime factors of 5146?
2, 31, 83
List the prime factors of 25104.
2, 3, 523
List the prime factors of 736.
2, 23
List the prime factors of 623.
7, 89
What are the prime factors of 10779?
3, 3593
List the prime factors of 1471.
1471
What are the prime factors of 10211?
10211
What are the prime factors of 116292?
2, 3, 11, 881
List the prime factors of 16025.
5, 641
List the prime factors of 332.
2, 83
What are the prime factors of 17692?
2, 4423
What are the prime factors of 1023?
3, 11, 31
List the prime factors of 8919.
3, 991
List the prime factors of 91306.
2, 71, 643
What are the prime factors of 1625?
5, 13
What are the prime factors of 1242?
2, 3, 23
What are the prime factors of 22058?
2, 41, 269
List the prime factors of 8760.
2, 3, 5, 73
List the prime factors of 411.
3, 137
List the prime factors of 3212.
2, 11, 73
What are the prime factors of 39212?
2, 9803
What are the prime factors of 11332?
2, 2833
List the prime factors of 79031.
79031
List the prime factors of 354.
2, 3, 59
List the prime factors of 4145.
5, 829
What are the prime factors of 2507?
23, 109
List the prime factors of 67959.
3, 839
List the prime factors of 36413.
13, 2801
List the prime factors of 921.
3, 307
List the prime factors of 4430.
2, 5, 443
What are the prime factors of 81268?
2, 11, 1847
List the prime factors of 712.
2, 89
List the prime factors of 20421.
3, 2269
List the prime factors of 6980.
2, 5, 349
What are the prime factors of 14452?
2, 3613
List the prime factors of 383.
383
What are the prime factors of 38061?
3, 4229
What are the prime factors of 300?
2, 3, 5
List the prime factors of 35035.
5, 7, 11, 13
What are the prime factors of 12663?
3, 7, 67
List the prime factors of 4540.
2, 5, 227
List the prime factors of 123754.
2, 43, 1439
List the prime factors of 801.
3, 89
What are the prime factors of 83?
83
What are the prime factors of 1850?
2, 5, 37
What are the prime factors of 42938?
2, 7, 3067
List the prime factors of 31406.
2, 41, 383
What are the prime factors of 22351?
7, 31, 103
List the prime factors of 4020.
2, 3, 5, 67
What are the prime factors of 1350?
2, 3, 5
What are the prime factors of 12785?
5, 2557
List the prime factors of 32543.
7, 4649
List the prime factors of 2137.
2137
What are the prime factors of 805?
5, 7, 23
List the prime factors of 4542.
2, 3, 757
What are the prime factors of 14030?
2, 5, 23, 61
List the prime factors of 65324.
2, 7, 2333
List the prime factors of 8097.
3, 2699
What are the prime factors of 46799?
53, 883
What are the prime factors of 799?
17, 47
List the prime factors of 45186.
2, 3, 17, 443
What are the prime factors of 27895?
5, 7, 797
What are the prime factors of 16212?
2, 3, 7, 193
List the prime factors of 3023.
3023
What are the prime factors of 739?
739
What are the prime factors of 3463?
3463
What are the prime factors of 428?
2, 107
List the prime factors of 3909.
3, 1303
What are the prime factors of 231?
3, 7, 11
List the prime factors of 17237.
11, 1567
What are the prime factors of 1068?
2, 3, 89
List the prime factors of 1798.
2, 29, 31
What a